21148.
2, 17, 311
List the prime factors of 13940.
2, 5, 17, 41
What are the prime factors of 19232?
2, 601
List the prime factors of 2286.
2, 3, 127
What are the prime factors of 39416?
2, 13, 379
What are the prime factors of 58964?
2, 14741
What are the prime factors of 34039?
34039
List the prime factors of 47163.
3, 79, 199
List the prime factors of 2526.
2, 3, 421
What are the prime factors of 1353?
3, 11, 41
What are the prime factors of 34691?
113, 307
List the prime factors of 7792.
2, 487
List the prime factors of 885.
3, 5, 59
What are the prime factors of 1091?
1091
What are the prime factors of 165884?
2, 113, 367
List the prime factors of 1784.
2, 223
What are the prime factors of 8546?
2, 4273
List the prime factors of 324.
2, 3
List the prime factors of 995.
5, 199
What are the prime factors of 18368?
2, 7, 41
List the prime factors of 2923.
37, 79
What are the prime factors of 48296?
2, 6037
List the prime factors of 404.
2, 101
What are the prime factors of 1489?
1489
List the prime factors of 399.
3, 7, 19
List the prime factors of 7738.
2, 53, 73
What are the prime factors of 10487?
10487
List the prime factors of 483.
3, 7, 23
List the prime factors of 2543.
2543
What are the prime factors of 1460?
2, 5, 73
List the prime factors of 14777.
7, 2111
What are the prime factors of 39429?
3, 13, 337
What are the prime factors of 728?
2, 7, 13
What are the prime factors of 1087?
1087
List the prime factors of 4124.
2, 1031
List the prime factors of 99.
3, 11
List the prime factors of 114702.
2, 3, 7, 2731
List the prime factors of 8238.
2, 3, 1373
What are the prime factors of 53682?
2, 3, 23, 389
What are the prime factors of 66856?
2, 61, 137
What are the prime factors of 36?
2, 3
What are the prime factors of 17964?
2, 3, 499
What are the prime factors of 2642?
2, 1321
What are the prime factors of 6421?
6421
List the prime factors of 183.
3, 61
List the prime factors of 7497.
3, 7, 17
List the prime factors of 54994.
2, 31, 887
List the prime factors of 32641.
7, 4663
What are the prime factors of 1250?
2, 5
List the prime factors of 2333.
2333
What are the prime factors of 210?
2, 3, 5, 7
List the prime factors of 43389.
3, 1607
What are the prime factors of 16648?
2, 2081
What are the prime factors of 757?
757
What are the prime factors of 2636?
2, 659
What are the prime factors of 1685?
5, 337
List the prime factors of 44869.
11, 4079
List the prime factors of 48841.
13, 17
List the prime factors of 580.
2, 5, 29
List the prime factors of 7673.
7673
What are the prime factors of 1091?
1091
List the prime factors of 371.
7, 53
What are the prime factors of 242?
2, 11
What are the prime factors of 15266?
2, 17, 449
What are the prime factors of 3094?
2, 7, 13, 17
List the prime factors of 1537.
29, 53
List the prime factors of 20696.
2, 13, 199
What are the prime factors of 8747?
8747
List the prime factors of 12805.
5, 13, 197
List the prime factors of 10417.
11, 947
List the prime factors of 421.
421
What are the prime factors of 40811?
37, 1103
List the prime factors of 12737.
47, 271
What are the prime factors of 8707?
8707
List the prime factors of 10260.
2, 3, 5, 19
What are the prime factors of 77347?
77347
What are the prime factors of 4804?
2, 1201
What are the prime factors of 2020?
2, 5, 101
What are the prime factors of 8206?
2, 11, 373
What are the prime factors of 41163?
3, 13721
What are the prime factors of 5008?
2, 313
List the prime factors of 9343.
9343
List the prime factors of 147634.
2, 97, 761
List the prime factors of 2345.
5, 7, 67
What are the prime factors of 3126?
2, 3, 521
What are the prime factors of 6011?
6011
What are the prime factors of 80173?
80173
List the prime factors of 14332.
2, 3583
List the prime factors of 71539.
13, 5503
What are the prime factors of 1311?
3, 19, 23
List the prime factors of 1825.
5, 73
What are the prime factors of 17135?
5, 23, 149
What are the prime factors of 1108?
2, 277
What are the prime factors of 2636?
2, 659
What are the prime factors of 126148?
2, 11, 47, 61
List the prime factors of 4316.
2, 13, 83
What are the prime factors of 6950?
2, 5, 139
List the prime factors of 453.
3, 151
What are the prime factors of 70314?
2, 3, 11719
List the prime factors of 14411.
14411
What are the prime factors of 23223?
3, 7741
List the prime factors of 43075.
5, 1723
List the prime factors of 58.
2, 29
List the prime factors of 2528.
2, 79
List the prime factors of 14300.
2, 5, 11, 13
List the prime factors of 11467.
11467
What are the prime factors of 43572?
2, 3, 3631
What are the prime factors of 483?
3, 7, 23
List the prime factors of 7151.
7151
List the prime factors of 4511.
13, 347
List the prime factors of 398.
2, 199
List the prime factors of 17105.
5, 11, 311
What are the prime factors of 6584?
2, 823
List the prime factors of 118648.
2, 14831
What are the prime factors of 34226?
2, 109, 157
What are the prime factors of 37958?
2, 18979
List the prime factors of 111121.
111121
What are the prime factors of 834?
2, 3, 139
List the prime factors of 1717.
17, 101
What are the prime factors of 102059?
102059
What are the prime factors of 135147?
3, 19, 2371
List the prime factors of 8410.
2, 5, 29
List the prime factors of 163971.
3, 6073
What are the prime factors of 89847?
3, 67, 149
What are the prime factors of 23746?
2, 31, 383
What are the prime factors of 2755?
5, 19, 29
What are the prime factors of 144?
2, 3
What are the prime factors of 2711?
2711
What are the prime factors of 9377?
9377
What are the prime factors of 11620?
2, 5, 7, 83
List the prime factors of 2504.
2, 313
List the prime factors of 4255.
5, 23, 37
List the prime factors of 22945.
5, 13, 353
What are the prime factors of 1177?
11, 107
List the prime factors of 568.
2, 71
What are the prime factors of 10852?
2, 2713
What are the prime factors of 69?
3, 23
What are the prime factors of 1677?
3, 13, 43
List the prime factors of 1315.
5, 263
List the prime factors of 18024.
2, 3, 751
What are the prime factors of 1898?
2, 13, 73
What are the prime factors of 52679?
11, 4789
What are the prime factors of 14152?
2, 29, 61
List the prime factors of 173839.
173839
List the prime factors of 1348.
2, 337
What are the prime factors of 106?
2, 53
List the prime factors of 13999.
13999
List the prime factors of 2081.
2081
What are the prime factors of 5863?
11, 13, 41
List the prime factors of 95201.
31, 37, 83
List the prime factors of 398.
2, 199
What are the prime factors of 10540?
2, 5, 17, 31
List the prime factors of 1910.
2, 5, 191
What are the prime factors of 919?
919
What are the prime factors of 22650?
2, 3, 5, 151
List the prime factors of 105020.
2, 5, 59, 89
What are the prime factors of 294?
2, 3, 7
What are the prime factors of 15679?
15679
What are the prime factors of 209?
11, 19
List the prime factors of 6951.
3, 7, 331
List the prime factors of 135.
3, 5
List the prime factors of 12250.
2, 5, 7
List the prime factors of 57347.
57347
List the prime factors of 8333.
13, 641
List the prime factors of 2337.
3, 19, 41
List the prime factors of 8411.
13, 647
What are the prime factors of 18737?
41, 457
List the prime factors of 762.
2, 3, 127
List the prime factors of 952.
2, 7, 17
List the prime factors of 25907.
7, 3701
List the prime factors of 69864.
2, 3, 41, 71
What are the prime factors of 1745?
5, 349
List the prime factors of 211.
211
List the prime factors of 3142.
2, 1571
What are the prime factors of 10287?
3, 127
List the prime factors of 29171.
31, 941
What are the prime factors of 6382?
2, 3191
List the prime factors of 3550.
2, 5, 71
What are the prime factors of 4232?
2, 23
List the prime factors of 144249.
3, 7, 6869
What are the prime factors of 13183?
13183
What are the prime factors of 7784?
2, 7, 139
List the prime factors of 66752.
2, 7, 149
List the prime factors of 1620.
2, 3, 5
What are the prime factors of 1401?
3, 467
What are the prime factors of 114602?
2, 57301
List the prime factors of 1221.
3, 11, 37
What are the prime factors of 6676?
2, 1669
What are the prime factors of 12980?
2, 5, 11, 59
What are the prime factors of 119346?
2, 3, 19891
List the prime factors of 10598.
2, 7, 757
What are the prime factors of 1043?
7, 149
List the prime facto